{"id":42,"date":"2026-05-12T11:48:13","date_gmt":"2026-05-12T11:48:13","guid":{"rendered":"https:\/\/test.klatschmohn.de\/?page_id=42"},"modified":"2026-05-13T20:50:59","modified_gmt":"2026-05-13T20:50:59","slug":"kulturkalender","status":"publish","type":"page","link":"https:\/\/test.klatschmohn.de\/?page_id=42","title":{"rendered":"Kulturkalender"},"content":{"rendered":"<div id=\"c457\" class=\"csc-default\">\n<div class=\"csc-header csc-header-n1\">\n<h1 class=\"csc-firstHeader\"><span style=\"color: #ff0000;\">Der \u00bbkulturkalender \u2013 Unterwegs in Mecklenburg-Vorpommern\u00ab<\/span><\/h1>\n<\/div>\n<p class=\"bodytext\">\u2026 ist das Kultur- und Veranstaltungsmagazin f\u00fcr Mecklenburg-Vorpommern.<\/p>\n<p class=\"bodytext\">\n<\/div>\n<div id=\"c486\" class=\"csc-default\">\n<div class=\"csc-textpic csc-textpic-intext-right\">\n<div class=\"csc-textpic-imagewrap\">\n<div class=\"csc-textpic-image csc-textpic-last\"><a class=\"lightbox\" href=\"https:\/\/www.kulturkalender-mv.de\/typo3temp\/pics\/ebbe204cc3.jpg\" data-fancybox-group=\"lightbox486\"><img loading=\"lazy\" decoding=\"async\" src=\"https:\/\/www.kulturkalender-mv.de\/typo3temp\/pics\/f629aaae17.jpg\" alt=\"\" width=\"250\" height=\"445\" border=\"0\" \/><\/a><\/div>\n<\/div>\n<div class=\"csc-textpic-text\">\n<p class=\"bodytext\">Seit 1996 wird der Kulturkalender gern sowohl von Einheimischen\u00a0als auch von Touristen f\u00fcr die Planung ihrer Freizeitaktivit\u00e4ten genutzt. Neben zahlreichen Terminen und Veranstaltungstipps\u00a0lesen Sie\u00a0interessante und aktuelle Beitr\u00e4ge &#8211; von Filmkritiken\u00a0und Buchrezensionen \u00fcber Portr\u00e4ts von Prominenten, Kulturvereinen,\u00a0historischen Kriminalf\u00e4llen, Kultursplittern aus aller Welt bis hin zu Gesundheitstipps und Vorschl\u00e4gen f\u00fcr besondere Events oder Restaurants.<\/p>\n<p class=\"bodytext\">Den Kulturkalender finden Sie bei allen hier\u00a0ver\u00f6ffentlichten Veranstaltern, in der Freizeit-Lesemappe in Arztpraxen und bei Ihrem\u00a0Friseur,\u00a0an Zeitschriftenkiosken und \u00fcberall, wo es Zeitschriften gibt!<\/p>\n<p class=\"bodytext\">Oder aber Sie abonnieren ihn einfach und sind stets rechtzeitig informiert!<\/p>\n<p class=\"bodytext\">Das Jahresabo beinhaltet\u00a0den Jahres\u00fcberblick\u00a0der kulturellen Highlights, der im Januar erscheint, sowie\u00a0die monatlichen\u00a0Ausgaben Februar bis Dezember.<\/p>\n<p class=\"bodytext\">Viel Vergn\u00fcgen!<\/p>\n<\/div>\n<\/div>\n<\/div>\n<div id=\"c341\" class=\"csc-default\">\n<p class=\"bodytext\">F\u00fcr die Buchung eines Anzeigenauftrages in den monatlichen Kulturkalendern finden Sie hier die\u00a0<a class=\"download\" title=\"Initiates file download\" href=\"https:\/\/www.kulturkalender-mv.de\/fileadmin\/Dateien\/Fotos\/Medidaten_etc\/kulturkalender\/Mediadaten_KK_mtl._neu.pdf\" target=\"_blank\" rel=\"noopener\">Mediadaten<\/a><\/p>\n<\/div>\n","protected":false},"excerpt":{"rendered":"<p>Der \u00bbkulturkalender \u2013 Unterwegs in Mecklenburg-Vorpommern\u00ab \u2026 ist das Kultur- und Veranstaltungsmagazin f\u00fcr Mecklenburg-Vorpommern. Seit 1996 wird der Kulturkalender gern sowohl von Einheimischen\u00a0als auch von Touristen f\u00fcr die Planung ihrer Freizeitaktivit\u00e4ten genutzt. Neben zahlreichen Terminen und Veranstaltungstipps\u00a0lesen Sie\u00a0interessante und aktuelle Beitr\u00e4ge &#8211; von Filmkritiken\u00a0und Buchrezensionen \u00fcber Portr\u00e4ts von Prominenten, Kulturvereinen,\u00a0historischen Kriminalf\u00e4llen, Kultursplittern aus aller Welt [&hellip;]<\/p>\n","protected":false},"author":1,"featured_media":0,"parent":0,"menu_order":1,"comment_status":"closed","ping_status":"closed","template":"","meta":{"footnotes":""},"class_list":["post-42","page","type-page","status-publish","hentry"],"yoast_head":"<!-- This site is optimized with the Yoast SEO plugin v27.6 - https:\/\/yoast.com\/product\/yoast-seo-wordpress\/ -->\n<title>Kulturkalender - KLATSCHMOHN<\/title>\n<meta name=\"robots\" content=\"index, follow, max-snippet:-1, max-image-preview:large, max-video-preview:-1\" \/>\n<link rel=\"canonical\" href=\"https:\/\/test.klatschmohn.de\/?page_id=42\" \/>\n<meta property=\"og:locale\" content=\"de_DE\" \/>\n<meta property=\"og:type\" content=\"article\" \/>\n<meta property=\"og:title\" content=\"Kulturkalender - KLATSCHMOHN\" \/>\n<meta property=\"og:description\" content=\"Der \u00bbkulturkalender \u2013 Unterwegs in Mecklenburg-Vorpommern\u00ab \u2026 ist das Kultur- und Veranstaltungsmagazin f\u00fcr Mecklenburg-Vorpommern. Seit 1996 wird der Kulturkalender gern sowohl von Einheimischen\u00a0als auch von Touristen f\u00fcr die Planung ihrer Freizeitaktivit\u00e4ten genutzt. Neben zahlreichen Terminen und Veranstaltungstipps\u00a0lesen Sie\u00a0interessante und aktuelle Beitr\u00e4ge &#8211; von Filmkritiken\u00a0und Buchrezensionen \u00fcber Portr\u00e4ts von Prominenten, Kulturvereinen,\u00a0historischen Kriminalf\u00e4llen, Kultursplittern aus aller Welt [&hellip;]\" \/>\n<meta property=\"og:url\" content=\"https:\/\/test.klatschmohn.de\/?page_id=42\" \/>\n<meta property=\"og:site_name\" content=\"KLATSCHMOHN\" \/>\n<meta property=\"article:modified_time\" content=\"2026-05-13T20:50:59+00:00\" \/>\n<meta property=\"og:image\" content=\"https:\/\/www.kulturkalender-mv.de\/typo3temp\/pics\/f629aaae17.jpg\" \/>\n<meta name=\"twitter:card\" content=\"summary_large_image\" \/>\n<meta name=\"twitter:label1\" content=\"Gesch\u00e4tzte Lesezeit\" \/>\n\t<meta name=\"twitter:data1\" content=\"1\u00a0Minute\" \/>\n<script type=\"application\/ld+json\" class=\"yoast-schema-graph\">{\"@context\":\"https:\\\/\\\/schema.org\",\"@graph\":[{\"@type\":\"WebPage\",\"@id\":\"https:\\\/\\\/test.klatschmohn.de\\\/?page_id=42\",\"url\":\"https:\\\/\\\/test.klatschmohn.de\\\/?page_id=42\",\"name\":\"Kulturkalender - KLATSCHMOHN\",\"isPartOf\":{\"@id\":\"https:\\\/\\\/test.klatschmohn.de\\\/#website\"},\"primaryImageOfPage\":{\"@id\":\"https:\\\/\\\/test.klatschmohn.de\\\/?page_id=42#primaryimage\"},\"image\":{\"@id\":\"https:\\\/\\\/test.klatschmohn.de\\\/?page_id=42#primaryimage\"},\"thumbnailUrl\":\"https:\\\/\\\/www.kulturkalender-mv.de\\\/typo3temp\\\/pics\\\/f629aaae17.jpg\",\"datePublished\":\"2026-05-12T11:48:13+00:00\",\"dateModified\":\"2026-05-13T20:50:59+00:00\",\"breadcrumb\":{\"@id\":\"https:\\\/\\\/test.klatschmohn.de\\\/?page_id=42#breadcrumb\"},\"inLanguage\":\"de\",\"potentialAction\":[{\"@type\":\"ReadAction\",\"target\":[\"https:\\\/\\\/test.klatschmohn.de\\\/?page_id=42\"]}]},{\"@type\":\"ImageObject\",\"inLanguage\":\"de\",\"@id\":\"https:\\\/\\\/test.klatschmohn.de\\\/?page_id=42#primaryimage\",\"url\":\"https:\\\/\\\/www.kulturkalender-mv.de\\\/typo3temp\\\/pics\\\/f629aaae17.jpg\",\"contentUrl\":\"https:\\\/\\\/www.kulturkalender-mv.de\\\/typo3temp\\\/pics\\\/f629aaae17.jpg\"},{\"@type\":\"BreadcrumbList\",\"@id\":\"https:\\\/\\\/test.klatschmohn.de\\\/?page_id=42#breadcrumb\",\"itemListElement\":[{\"@type\":\"ListItem\",\"position\":1,\"name\":\"Start\",\"item\":\"https:\\\/\\\/test.klatschmohn.de\\\/\"},{\"@type\":\"ListItem\",\"position\":2,\"name\":\"Kulturkalender\"}]},{\"@type\":\"WebSite\",\"@id\":\"https:\\\/\\\/test.klatschmohn.de\\\/#website\",\"url\":\"https:\\\/\\\/test.klatschmohn.de\\\/\",\"name\":\"KLATSCHMOHN\",\"description\":\"\",\"potentialAction\":[{\"@type\":\"SearchAction\",\"target\":{\"@type\":\"EntryPoint\",\"urlTemplate\":\"https:\\\/\\\/test.klatschmohn.de\\\/?s={search_term_string}\"},\"query-input\":{\"@type\":\"PropertyValueSpecification\",\"valueRequired\":true,\"valueName\":\"search_term_string\"}}],\"inLanguage\":\"de\"}]}<\/script>\n<!-- \/ Yoast SEO plugin. -->","yoast_head_json":{"title":"Kulturkalender - KLATSCHMOHN","robots":{"index":"index","follow":"follow","max-snippet":"max-snippet:-1","max-image-preview":"max-image-preview:large","max-video-preview":"max-video-preview:-1"},"canonical":"https:\/\/test.klatschmohn.de\/?page_id=42","og_locale":"de_DE","og_type":"article","og_title":"Kulturkalender - KLATSCHMOHN","og_description":"Der \u00bbkulturkalender \u2013 Unterwegs in Mecklenburg-Vorpommern\u00ab \u2026 ist das Kultur- und Veranstaltungsmagazin f\u00fcr Mecklenburg-Vorpommern. Seit 1996 wird der Kulturkalender gern sowohl von Einheimischen\u00a0als auch von Touristen f\u00fcr die Planung ihrer Freizeitaktivit\u00e4ten genutzt. Neben zahlreichen Terminen und Veranstaltungstipps\u00a0lesen Sie\u00a0interessante und aktuelle Beitr\u00e4ge &#8211; von Filmkritiken\u00a0und Buchrezensionen \u00fcber Portr\u00e4ts von Prominenten, Kulturvereinen,\u00a0historischen Kriminalf\u00e4llen, Kultursplittern aus aller Welt [&hellip;]","og_url":"https:\/\/test.klatschmohn.de\/?page_id=42","og_site_name":"KLATSCHMOHN","article_modified_time":"2026-05-13T20:50:59+00:00","og_image":[{"url":"https:\/\/www.kulturkalender-mv.de\/typo3temp\/pics\/f629aaae17.jpg","type":"","width":"","height":""}],"twitter_card":"summary_large_image","twitter_misc":{"Gesch\u00e4tzte Lesezeit":"1\u00a0Minute"},"schema":{"@context":"https:\/\/schema.org","@graph":[{"@type":"WebPage","@id":"https:\/\/test.klatschmohn.de\/?page_id=42","url":"https:\/\/test.klatschmohn.de\/?page_id=42","name":"Kulturkalender - KLATSCHMOHN","isPartOf":{"@id":"https:\/\/test.klatschmohn.de\/#website"},"primaryImageOfPage":{"@id":"https:\/\/test.klatschmohn.de\/?page_id=42#primaryimage"},"image":{"@id":"https:\/\/test.klatschmohn.de\/?page_id=42#primaryimage"},"thumbnailUrl":"https:\/\/www.kulturkalender-mv.de\/typo3temp\/pics\/f629aaae17.jpg","datePublished":"2026-05-12T11:48:13+00:00","dateModified":"2026-05-13T20:50:59+00:00","breadcrumb":{"@id":"https:\/\/test.klatschmohn.de\/?page_id=42#breadcrumb"},"inLanguage":"de","potentialAction":[{"@type":"ReadAction","target":["https:\/\/test.klatschmohn.de\/?page_id=42"]}]},{"@type":"ImageObject","inLanguage":"de","@id":"https:\/\/test.klatschmohn.de\/?page_id=42#primaryimage","url":"https:\/\/www.kulturkalender-mv.de\/typo3temp\/pics\/f629aaae17.jpg","contentUrl":"https:\/\/www.kulturkalender-mv.de\/typo3temp\/pics\/f629aaae17.jpg"},{"@type":"BreadcrumbList","@id":"https:\/\/test.klatschmohn.de\/?page_id=42#breadcrumb","itemListElement":[{"@type":"ListItem","position":1,"name":"Start","item":"https:\/\/test.klatschmohn.de\/"},{"@type":"ListItem","position":2,"name":"Kulturkalender"}]},{"@type":"WebSite","@id":"https:\/\/test.klatschmohn.de\/#website","url":"https:\/\/test.klatschmohn.de\/","name":"KLATSCHMOHN","description":"","potentialAction":[{"@type":"SearchAction","target":{"@type":"EntryPoint","urlTemplate":"https:\/\/test.klatschmohn.de\/?s={search_term_string}"},"query-input":{"@type":"PropertyValueSpecification","valueRequired":true,"valueName":"search_term_string"}}],"inLanguage":"de"}]}},"jetpack_sharing_enabled":true,"_links":{"self":[{"href":"https:\/\/test.klatschmohn.de\/index.php?rest_route=\/wp\/v2\/pages\/42","targetHints":{"allow":["GET"]}}],"collection":[{"href":"https:\/\/test.klatschmohn.de\/index.php?rest_route=\/wp\/v2\/pages"}],"about":[{"href":"https:\/\/test.klatschmohn.de\/index.php?rest_route=\/wp\/v2\/types\/page"}],"author":[{"embeddable":true,"href":"https:\/\/test.klatschmohn.de\/index.php?rest_route=\/wp\/v2\/users\/1"}],"replies":[{"embeddable":true,"href":"https:\/\/test.klatschmohn.de\/index.php?rest_route=%2Fwp%2Fv2%2Fcomments&post=42"}],"version-history":[{"count":2,"href":"https:\/\/test.klatschmohn.de\/index.php?rest_route=\/wp\/v2\/pages\/42\/revisions"}],"predecessor-version":[{"id":62,"href":"https:\/\/test.klatschmohn.de\/index.php?rest_route=\/wp\/v2\/pages\/42\/revisions\/62"}],"wp:attachment":[{"href":"https:\/\/test.klatschmohn.de\/index.php?rest_route=%2Fwp%2Fv2%2Fmedia&parent=42"}],"curies":[{"name":"wp","href":"https:\/\/api.w.org\/{rel}","templated":true}]}}