{"id":68,"date":"2026-05-13T10:15:09","date_gmt":"2026-05-13T10:15:09","guid":{"rendered":"https:\/\/test.klatschmohn.de\/?post_type=product&#038;p=68"},"modified":"2026-05-13T10:32:14","modified_gmt":"2026-05-13T10:32:14","slug":"steile-hechte","status":"publish","type":"product","link":"https:\/\/test.klatschmohn.de\/?product=steile-hechte","title":{"rendered":"Steile Hechte\u00a0"},"content":{"rendered":"<div id=\"c530\" class=\"csc-default\">\n<div class=\"csc-textpic csc-textpic-intext-left-nowrap csc-textpic-intext-left-nowrap-246 csc-textpic-equalheight\">\n<div class=\"csc-textpic-text\">\n<div class=\"indent\">\n<div class=\"indent\">\n<p class=\"bodytext\">Bert Lingnau<br \/>\n<b>Steile Hechte<\/b><b>\u00a0<\/b><br \/>\n<b>Wahre Kriminalf\u00e4lle<br \/>\n<\/b><b>aus Mecklenburg Vorpommern<\/b><\/p>\n<p>KLATSCHMOHN Verlag<br \/>\nPaperback, 216 Seiten, mit farbigen Abbildungen<\/p>\n<\/div>\n<\/div>\n<\/div>\n<\/div>\n<\/div>\n<div id=\"c529\" class=\"csc-default\">\n<p class=\"bodytext\"><b>Steile Hechte<\/b> beschreibt 61 wahre Kriminalf\u00e4lle aus der Zeit zwischen 1391 und 1953. Da ziehen Wunderheiler durchs Land und treiben Hokuspokus, Stromdiebe zapfen listig Leitungen an und bauernschlaue G\u00e4rtner erz\u00e4hlen was vom Pferd. Der Einfallsreichtum der Ganoven ist gro\u00df.<\/p>\n<p class=\"bodytext\">Freuen Sie sich auf Sektalbert, Wurst ohne Fleisch, st\u00f6rrische Fischer, pfeifende K\u00fche und Kinobesitzer, die Filmrisse haben. Aber auch Morde und Hinrichtungen geschehen \u2013 es geht um Woyzeck, Hans Fallada, Rudolf H\u00f6\u00df und Kriminalit\u00e4t in der DDR.<\/p>\n<p class=\"bodytext\"><b>\u00dcber den Autor<\/b><\/p>\n<\/div>\n<div class=\"csc-textpic csc-textpic-left csc-textpic-above csc-textpic-equalheight\">\n<div class=\"csc-textpic-text\">\n<article>\n<article>\n<article>\n<p class=\"bodytext\"><b>Bert Lingnau,<\/b> 1972 in Barth\/Vorpommern geboren, wuchs in Zingst auf der Halbinsel Fischland-Dar\u00df-Zingst auf und studierte von 1993 bis 1998 in Greifswald. Nach erfolgreichem Magister-Abschluss absolvierte der Historiker und Germanist ein Volontariat beim Norddeutschen Rundfunk und arbeitete danach bis 2008 als Kulturjournalist f\u00fcr den NDR. 2003 gewann er den Landesmedienpreis Mecklenburg-Vorpommern, im Jahr 2008 war er Preistr\u00e4ger beim Schweriner Krimiwettbewerb.<br \/>\nEr ver\u00f6ffentlichte bisher f\u00fcnf B\u00fccher mit wahren Kriminalf\u00e4llen: <b>Da muss man Leute totmachen<\/b> (2010), <b>Die Tochter des Henkers<\/b> (2011), <b>R\u00fcbe ab!<\/b> (2016), <b>Singende Barsche<\/b> (2022) und <b>Steile Hechte<\/b> (2023). Bert Lingnau ist ausgebildeter Rundfunk-Journalist, Schriftsteller und seit 2009 f\u00fcr die Medienanstalt Mecklenburg-Vorpommern t\u00e4tig. Seit M\u00e4rz 2016 leitet er die Medienanstalt als Direktor.<\/p>\n<p class=\"bodytext\"><b>Homepage:<\/b> <a href=\"https:\/\/bert-lingnau.de\/AKTUELLES\/\" target=\"_blank\" rel=\"noopener\">https:\/\/bert-lingnau.de\/AKTUELLES\/<\/a><\/p>\n<p class=\"bodytext\"><b>Facebook:<\/b> <a href=\"https:\/\/www.facebook.com\/bert.lingnau.3\" target=\"_blank\" rel=\"noopener\">https:\/\/www.facebook.com\/bert.lingnau.3<\/a><\/p>\n<\/article>\n<\/article>\n<\/article>\n<\/div>\n<\/div>\n","protected":false},"excerpt":{"rendered":"<p>Bert Lingnau Steile Hechte\u00a0 Wahre Kriminalf\u00e4lle aus Mecklenburg Vorpommern KLATSCHMOHN Verlag Paperback, 216 Seiten, mit farbigen Abbildungen Steile Hechte beschreibt 61 wahre Kriminalf\u00e4lle aus der Zeit zwischen 1391 und 1953. Da ziehen Wunderheiler durchs Land und treiben Hokuspokus, Stromdiebe zapfen listig Leitungen an und bauernschlaue G\u00e4rtner erz\u00e4hlen was vom Pferd. Der Einfallsreichtum der Ganoven ist [&hellip;]<\/p>\n","protected":false},"featured_media":73,"template":"","meta":[],"product_brand":[],"product_cat":[18,25,15],"product_tag":[],"class_list":{"0":"post-68","1":"product","2":"type-product","3":"status-publish","4":"has-post-thumbnail","6":"product_cat-buecher","7":"product_cat-regional","8":"product_cat-unkategorisiert","10":"first","11":"instock","12":"taxable","13":"shipping-taxable","14":"purchasable","15":"product-type-simple"},"yoast_head":"<!-- This site is optimized with the Yoast SEO plugin v27.6 - https:\/\/yoast.com\/product\/yoast-seo-wordpress\/ -->\n<title>Steile Hechte\u00a0 - KLATSCHMOHN<\/title>\n<meta name=\"robots\" content=\"index, follow, max-snippet:-1, max-image-preview:large, max-video-preview:-1\" \/>\n<link rel=\"canonical\" href=\"https:\/\/test.klatschmohn.de\/?product=steile-hechte\" \/>\n<meta property=\"og:locale\" content=\"de_DE\" \/>\n<meta property=\"og:type\" content=\"article\" \/>\n<meta property=\"og:title\" content=\"Steile Hechte\u00a0 - KLATSCHMOHN\" \/>\n<meta property=\"og:description\" content=\"Bert Lingnau Steile Hechte\u00a0 Wahre Kriminalf\u00e4lle aus Mecklenburg Vorpommern KLATSCHMOHN Verlag Paperback, 216 Seiten, mit farbigen Abbildungen Steile Hechte beschreibt 61 wahre Kriminalf\u00e4lle aus der Zeit zwischen 1391 und 1953. Da ziehen Wunderheiler durchs Land und treiben Hokuspokus, Stromdiebe zapfen listig Leitungen an und bauernschlaue G\u00e4rtner erz\u00e4hlen was vom Pferd. Der Einfallsreichtum der Ganoven ist [&hellip;]\" \/>\n<meta property=\"og:url\" content=\"https:\/\/test.klatschmohn.de\/?product=steile-hechte\" \/>\n<meta property=\"og:site_name\" content=\"KLATSCHMOHN\" \/>\n<meta property=\"article:modified_time\" content=\"2026-05-13T10:32:14+00:00\" \/>\n<meta property=\"og:image\" content=\"https:\/\/test.klatschmohn.de\/wp-content\/uploads\/2026\/05\/Steile_Hechte_g-1.jpg\" \/>\n\t<meta property=\"og:image:width\" content=\"400\" \/>\n\t<meta property=\"og:image:height\" content=\"400\" \/>\n\t<meta property=\"og:image:type\" content=\"image\/jpeg\" \/>\n<meta name=\"twitter:card\" content=\"summary_large_image\" \/>\n<meta name=\"twitter:label1\" content=\"Gesch\u00e4tzte Lesezeit\" \/>\n\t<meta name=\"twitter:data1\" content=\"2\u00a0Minuten\" \/>\n<script type=\"application\/ld+json\" class=\"yoast-schema-graph\">{\"@context\":\"https:\\\/\\\/schema.org\",\"@graph\":[{\"@type\":\"WebPage\",\"@id\":\"https:\\\/\\\/test.klatschmohn.de\\\/?product=steile-hechte\",\"url\":\"https:\\\/\\\/test.klatschmohn.de\\\/?product=steile-hechte\",\"name\":\"Steile Hechte\u00a0 - KLATSCHMOHN\",\"isPartOf\":{\"@id\":\"https:\\\/\\\/test.klatschmohn.de\\\/#website\"},\"primaryImageOfPage\":{\"@id\":\"https:\\\/\\\/test.klatschmohn.de\\\/?product=steile-hechte#primaryimage\"},\"image\":{\"@id\":\"https:\\\/\\\/test.klatschmohn.de\\\/?product=steile-hechte#primaryimage\"},\"thumbnailUrl\":\"https:\\\/\\\/test.klatschmohn.de\\\/wp-content\\\/uploads\\\/2026\\\/05\\\/Steile_Hechte_g-1.jpg\",\"datePublished\":\"2026-05-13T10:15:09+00:00\",\"dateModified\":\"2026-05-13T10:32:14+00:00\",\"breadcrumb\":{\"@id\":\"https:\\\/\\\/test.klatschmohn.de\\\/?product=steile-hechte#breadcrumb\"},\"inLanguage\":\"de\",\"potentialAction\":[{\"@type\":\"ReadAction\",\"target\":[\"https:\\\/\\\/test.klatschmohn.de\\\/?product=steile-hechte\"]}]},{\"@type\":\"ImageObject\",\"inLanguage\":\"de\",\"@id\":\"https:\\\/\\\/test.klatschmohn.de\\\/?product=steile-hechte#primaryimage\",\"url\":\"https:\\\/\\\/test.klatschmohn.de\\\/wp-content\\\/uploads\\\/2026\\\/05\\\/Steile_Hechte_g-1.jpg\",\"contentUrl\":\"https:\\\/\\\/test.klatschmohn.de\\\/wp-content\\\/uploads\\\/2026\\\/05\\\/Steile_Hechte_g-1.jpg\",\"width\":400,\"height\":400},{\"@type\":\"BreadcrumbList\",\"@id\":\"https:\\\/\\\/test.klatschmohn.de\\\/?product=steile-hechte#breadcrumb\",\"itemListElement\":[{\"@type\":\"ListItem\",\"position\":1,\"name\":\"Start\",\"item\":\"https:\\\/\\\/test.klatschmohn.de\\\/\"},{\"@type\":\"ListItem\",\"position\":2,\"name\":\"Shop\",\"item\":\"https:\\\/\\\/test.klatschmohn.de\\\/?page_id=6\"},{\"@type\":\"ListItem\",\"position\":3,\"name\":\"Steile Hechte\u00a0\"}]},{\"@type\":\"WebSite\",\"@id\":\"https:\\\/\\\/test.klatschmohn.de\\\/#website\",\"url\":\"https:\\\/\\\/test.klatschmohn.de\\\/\",\"name\":\"KLATSCHMOHN\",\"description\":\"\",\"potentialAction\":[{\"@type\":\"SearchAction\",\"target\":{\"@type\":\"EntryPoint\",\"urlTemplate\":\"https:\\\/\\\/test.klatschmohn.de\\\/?s={search_term_string}\"},\"query-input\":{\"@type\":\"PropertyValueSpecification\",\"valueRequired\":true,\"valueName\":\"search_term_string\"}}],\"inLanguage\":\"de\"}]}<\/script>\n<!-- \/ Yoast SEO plugin. -->","yoast_head_json":{"title":"Steile Hechte\u00a0 - KLATSCHMOHN","robots":{"index":"index","follow":"follow","max-snippet":"max-snippet:-1","max-image-preview":"max-image-preview:large","max-video-preview":"max-video-preview:-1"},"canonical":"https:\/\/test.klatschmohn.de\/?product=steile-hechte","og_locale":"de_DE","og_type":"article","og_title":"Steile Hechte\u00a0 - KLATSCHMOHN","og_description":"Bert Lingnau Steile Hechte\u00a0 Wahre Kriminalf\u00e4lle aus Mecklenburg Vorpommern KLATSCHMOHN Verlag Paperback, 216 Seiten, mit farbigen Abbildungen Steile Hechte beschreibt 61 wahre Kriminalf\u00e4lle aus der Zeit zwischen 1391 und 1953. Da ziehen Wunderheiler durchs Land und treiben Hokuspokus, Stromdiebe zapfen listig Leitungen an und bauernschlaue G\u00e4rtner erz\u00e4hlen was vom Pferd. Der Einfallsreichtum der Ganoven ist [&hellip;]","og_url":"https:\/\/test.klatschmohn.de\/?product=steile-hechte","og_site_name":"KLATSCHMOHN","article_modified_time":"2026-05-13T10:32:14+00:00","og_image":[{"width":400,"height":400,"url":"https:\/\/test.klatschmohn.de\/wp-content\/uploads\/2026\/05\/Steile_Hechte_g-1.jpg","type":"image\/jpeg"}],"twitter_card":"summary_large_image","twitter_misc":{"Gesch\u00e4tzte Lesezeit":"2\u00a0Minuten"},"schema":{"@context":"https:\/\/schema.org","@graph":[{"@type":"WebPage","@id":"https:\/\/test.klatschmohn.de\/?product=steile-hechte","url":"https:\/\/test.klatschmohn.de\/?product=steile-hechte","name":"Steile Hechte\u00a0 - KLATSCHMOHN","isPartOf":{"@id":"https:\/\/test.klatschmohn.de\/#website"},"primaryImageOfPage":{"@id":"https:\/\/test.klatschmohn.de\/?product=steile-hechte#primaryimage"},"image":{"@id":"https:\/\/test.klatschmohn.de\/?product=steile-hechte#primaryimage"},"thumbnailUrl":"https:\/\/test.klatschmohn.de\/wp-content\/uploads\/2026\/05\/Steile_Hechte_g-1.jpg","datePublished":"2026-05-13T10:15:09+00:00","dateModified":"2026-05-13T10:32:14+00:00","breadcrumb":{"@id":"https:\/\/test.klatschmohn.de\/?product=steile-hechte#breadcrumb"},"inLanguage":"de","potentialAction":[{"@type":"ReadAction","target":["https:\/\/test.klatschmohn.de\/?product=steile-hechte"]}]},{"@type":"ImageObject","inLanguage":"de","@id":"https:\/\/test.klatschmohn.de\/?product=steile-hechte#primaryimage","url":"https:\/\/test.klatschmohn.de\/wp-content\/uploads\/2026\/05\/Steile_Hechte_g-1.jpg","contentUrl":"https:\/\/test.klatschmohn.de\/wp-content\/uploads\/2026\/05\/Steile_Hechte_g-1.jpg","width":400,"height":400},{"@type":"BreadcrumbList","@id":"https:\/\/test.klatschmohn.de\/?product=steile-hechte#breadcrumb","itemListElement":[{"@type":"ListItem","position":1,"name":"Start","item":"https:\/\/test.klatschmohn.de\/"},{"@type":"ListItem","position":2,"name":"Shop","item":"https:\/\/test.klatschmohn.de\/?page_id=6"},{"@type":"ListItem","position":3,"name":"Steile Hechte\u00a0"}]},{"@type":"WebSite","@id":"https:\/\/test.klatschmohn.de\/#website","url":"https:\/\/test.klatschmohn.de\/","name":"KLATSCHMOHN","description":"","potentialAction":[{"@type":"SearchAction","target":{"@type":"EntryPoint","urlTemplate":"https:\/\/test.klatschmohn.de\/?s={search_term_string}"},"query-input":{"@type":"PropertyValueSpecification","valueRequired":true,"valueName":"search_term_string"}}],"inLanguage":"de"}]}},"jetpack_sharing_enabled":true,"_links":{"self":[{"href":"https:\/\/test.klatschmohn.de\/index.php?rest_route=\/wp\/v2\/product\/68","targetHints":{"allow":["GET"]}}],"collection":[{"href":"https:\/\/test.klatschmohn.de\/index.php?rest_route=\/wp\/v2\/product"}],"about":[{"href":"https:\/\/test.klatschmohn.de\/index.php?rest_route=\/wp\/v2\/types\/product"}],"wp:featuredmedia":[{"embeddable":true,"href":"https:\/\/test.klatschmohn.de\/index.php?rest_route=\/wp\/v2\/media\/73"}],"wp:attachment":[{"href":"https:\/\/test.klatschmohn.de\/index.php?rest_route=%2Fwp%2Fv2%2Fmedia&parent=68"}],"wp:term":[{"taxonomy":"product_brand","embeddable":true,"href":"https:\/\/test.klatschmohn.de\/index.php?rest_route=%2Fwp%2Fv2%2Fproduct_brand&post=68"},{"taxonomy":"product_cat","embeddable":true,"href":"https:\/\/test.klatschmohn.de\/index.php?rest_route=%2Fwp%2Fv2%2Fproduct_cat&post=68"},{"taxonomy":"product_tag","embeddable":true,"href":"https:\/\/test.klatschmohn.de\/index.php?rest_route=%2Fwp%2Fv2%2Fproduct_tag&post=68"}],"curies":[{"name":"wp","href":"https:\/\/api.w.org\/{rel}","templated":true}]}}