{"id":75,"date":"2026-05-13T10:26:27","date_gmt":"2026-05-13T10:26:27","guid":{"rendered":"https:\/\/test.klatschmohn.de\/?post_type=product&#038;p=75"},"modified":"2026-05-13T10:31:40","modified_gmt":"2026-05-13T10:31:40","slug":"75","status":"publish","type":"product","link":"https:\/\/test.klatschmohn.de\/?product=75","title":{"rendered":"Singende Barsche"},"content":{"rendered":"<div id=\"c513\" class=\"csc-default\">\n<div class=\"csc-textpic csc-textpic-intext-left-nowrap csc-textpic-intext-left-nowrap-227 csc-textpic-equalheight\">\n<div class=\"csc-textpic-text\">\n<div class=\"indent\">\n<p class=\"bodytext\"><b>Lachen ist gesund!<br \/>\nDas perfekte Buch f\u00fcr gute Laune<\/b><br \/>\nBert Lingnau<br \/>\n<b>Singende Barsche<\/b><br \/>\n<b>Lustige und bewegende Kriminalf\u00e4lle<br \/>\naus\u00a0Mecklenburg und Vorpommern<\/b><br \/>\nKLATSCHMOHN Verlag<br \/>\nTaschenbuch, 212 Seiten<\/p>\n<\/div>\n<\/div>\n<\/div>\n<\/div>\n<div id=\"c512\" class=\"csc-default\">\n<p class=\"bodytext\"><b>Singende Barsche<\/b> beschreibt 62 authentische alte Kriminalf\u00e4lle aus Mecklenburg und Vorpommern. Sie werden Tr\u00e4nen lachen \u00fcber die Kreativit\u00e4t der Ganoven, ihre Zechgelage und den originellen Charme des B\u00f6sen. Einige \u00dcbelt\u00e4ter schlie\u00dfen Sie vielleicht sogar in Ihr Herz.<br \/>\nFreuen Sie sich auf listige Schafdiebe in Rostock, dreiste Kunstr\u00e4uber in Schwerin, gelbe Schweine in Demmin und Woll\u00fcstige, die in Stralsund in Wallung geraten. Polizeihunde schn\u00fcffeln nach Weihnachtsbaumdieben, schlitzohrige Fischer verkaufen falsche Lachse, betr\u00fcgerische Forstmeister und st\u00f6rrische Droschkenkutscher gaunern umher. Aber auch Morde und Hinrichtungen geschehen in diesem zweiten kriminellen Reisef\u00fchrer durch MV.<\/p>\n<p class=\"bodytext\"><b>Wortwitz und Nachdenkliches von der Ostsee<\/b><br \/>\n<b>Das Buch verschafft Leselust und gute Laune. Doch auch Nachdenkliches ist zu lesen. <\/b><b>Singende Barsche <\/b><b>ist der perfekte Band f\u00fcr Leselustige, Krimifreunde, Ostseefans, Heimatverbundene, Geschichts- und Plattdeutsch-Interessierte und alle, die Mecklenburg-Vorpommern und den Norden lieben. Das ultimative Buch f\u00fcr den Urlaub, das besondere Geschenk f\u00fcr Freunde, eine gute Lekt\u00fcre abends vor dem Einschlafen!<br \/>\n<\/b><\/p>\n<p class=\"bodytext\"><b>Hintergrund<br \/>\n<\/b>Seit 2008 ver\u00f6ffentlicht Bert Lingnau monatlich im <b>kultur kalender<\/b> f\u00fcr Mecklenburg-Vorpommern, der im KLATSCHMOHN Verlag erscheint, einen alten Kriminalfall. 2016 wurden 48 dieser F\u00e4lle erstmals in Buchform publiziert: <b>R\u00fcbe ab! Der kriminelle Reisef\u00fchrer durch Mecklenburg und Vorpommern<\/b> ist seitdem ein Bestseller des KLATSCHMOHN Verlages. <b>Singende Barsche <\/b>ist die Fortsetzung von <b>R\u00fcbe ab!<\/b>Wieder geht es um reale Kriminalf\u00e4lle, die sich in Mecklenburg und Vorpommern zugetragen haben. Der neue Band kann ebenfalls als Reisef\u00fchrer zu den Tatorten gelesen werden. Neu und anders ist, dass Lingnau dieses Mal vor allem Lustiges und Verr\u00fccktes schildert. In einigen F\u00e4llen setzt er plattdeutsche Dialoge ein. Das Buch entf\u00fchrt Sie an die Ostsee und in vergangene Zeiten \u2013 Reisen bildet und Lesen sowieso!<\/p>\n<p class=\"bodytext\"><b>\u00dcber den Autor<\/b><\/p>\n<\/div>\n<div class=\"csc-textpic csc-textpic-left csc-textpic-above csc-textpic-equalheight\">\n<div class=\"csc-textpic-imagewrap\">\n<div class=\"csc-textpic-image csc-textpic-last\"><img loading=\"lazy\" decoding=\"async\" src=\"https:\/\/www.klatschmohn.de\/lieferbare-buecher\/singende-barsche\/typo3temp\/pics\/aa8d51ec66.jpg\" alt=\"\" width=\"225\" height=\"300\" border=\"0\" \/><\/div>\n<\/div>\n<div class=\"csc-textpic-text\">\n<article>\n<article>\n<article>\n<p class=\"bodytext\"><b>Bert Lingnau<\/b>, 1972 in Barth\/Vorpommern geboren, wuchs in Zingst auf der Halbinsel Fischland-Dar\u00df-Zingst auf. Er studierte in Greifswald Geschichte und Germanistik, absolvierte danach ein Volontariat beim Norddeutschen Rundfunk und arbeitete bis 2008 als Kulturjournalist f\u00fcr den NDR. 2003 gewann er den Landesmedienpreis MV, 2008 war er Preistr\u00e4ger beim Schweriner Krimiwettbewerb. Lingnau ver\u00f6ffentlichte bereits drei B\u00fccher mit authentischen Kriminalf\u00e4llen aus Mecklenburg und Vorpommern. Seit 2009 ist der Autor, der in Schwerin lebt, f\u00fcr die Medienanstalt Mecklenburg-Vorpommern t\u00e4tig. Seit 2016 leitet er die Medienanstalt als Direktor.<\/p>\n<\/article>\n<\/article>\n<\/article>\n<\/div>\n<\/div>\n<div id=\"c516\" class=\"csc-default\">\n<p class=\"bodytext\"><b>Medienecho<\/b><\/p>\n<p class=\"bodytext\"><i>Lesenswerte Lekt\u00fcre mit Augenzwinkern. Lingnau beschreibt in gewohnt hohem literarischen Niveau Vorf\u00e4lle, die dem Leser Tr\u00e4nen in die Augen treiben k\u00f6nnten<\/i><\/p>\n<p class=\"bodytext\"><b>Nordkurier<\/b> (Neubrandenburg), 16.06.2022<\/p>\n<p><i>Starke, mal blutige, meist trotz der Umst\u00e4nde am\u00fcsante, aber immer historisch verb\u00fcrgte Kriminalgeschichten<\/i><\/p>\n<p class=\"bodytext\"><b>Ostsee-Zeitung<\/b> (Wismar), 25.04.2022<i>\u00a0<\/i><i><\/i><\/p>\n<p>Alle F\u00e4lle \u2013 tragische wie tragikomische \u2013 sind gr\u00fcndlich recherchiert und mit Quellen belegt<br \/>\n<b>Schweriner Volkszeitung<i> <\/i><\/b><i>und <\/i><b>Norddeutsche Neueste Nachrichten <\/b><i>(Rostock), 16.05.2022<\/i><\/p>\n<p class=\"bodytext\"><i>Wer&#8217;s finster, aber auch mit einem L\u00e4cheln und dem ber\u00fchmten Schalk im Nacken mag, der sollte sich unbedingt die &#8218;Singenden Barsche&#8216; besorgen<\/i><\/p>\n<p class=\"bodytext\"><b>80s80s Radio MV <\/b>(Rostock), 18.05.2022<\/p>\n<p class=\"bodytext\"><i>Wortwitz und Nachdenkliches von der Ostsee<\/i><br \/>\n<b>Schlager Radio<\/b> (Berlin) 20.05.2022<\/p>\n<p><i>Eine passende Urlaubslekt\u00fcre f\u00fcr den Sommer und die See<\/i><\/p>\n<p class=\"bodytext\"><b>TABULA RASA &#8211; Zeitung f\u00fcr Gesellschaft und Kultur<\/b> (M\u00fcnchen), 02.06.2022<\/p>\n<p class=\"bodytext\"><i>Das ultimative Buch f\u00fcr den Urlaub<\/i><br \/>\n<b>BAM! Das Magazin f\u00fcr die Region<\/b> (Bamberg), Juni 2022<\/p>\n<p><i>Saugut geschrieben<\/i><br \/>\n<b>Facebook\/Polizeigeschichte MV <\/b>(Neubrandenburg), 12.06.2022<\/p>\n<p><i>Spannend und lustig zugleich<\/i><br \/>\n<b>Wir sind M\u00fcritzer &#8211; das lokale Netzwerk an der M\u00fcritz<\/b> (Waren\/M\u00fcritz), 15.06.2022<\/p>\n<p class=\"bodytext\"><i>Wer <\/i><b><i>R\u00fcbe ab!<\/i><\/b><i> mochte, wird auch <\/i><b><i>Singende Barsche<\/i><\/b><i> gern lesen. Das Buch kann man auch zwischendurch zur Hand nehmen, denn jeder Fall beschr\u00e4nkt sich auf drei Seiten.<\/i><br \/>\nInas B\u00fccherkiste (Hemmingen), 17.06.2022<\/p>\n<\/div>\n","protected":false},"excerpt":{"rendered":"<p>Lachen ist gesund! Das perfekte Buch f\u00fcr gute Laune Bert Lingnau Singende Barsche Lustige und bewegende Kriminalf\u00e4lle aus\u00a0Mecklenburg und Vorpommern KLATSCHMOHN Verlag Taschenbuch, 212 Seiten Singende Barsche beschreibt 62 authentische alte Kriminalf\u00e4lle aus Mecklenburg und Vorpommern. Sie werden Tr\u00e4nen lachen \u00fcber die Kreativit\u00e4t der Ganoven, ihre Zechgelage und den originellen Charme des B\u00f6sen. Einige \u00dcbelt\u00e4ter [&hellip;]<\/p>\n","protected":false},"featured_media":76,"template":"","meta":[],"product_brand":[],"product_cat":[18,25],"product_tag":[],"class_list":{"0":"post-75","1":"product","2":"type-product","3":"status-publish","4":"has-post-thumbnail","6":"product_cat-buecher","7":"product_cat-regional","9":"first","10":"instock","11":"taxable","12":"shipping-taxable","13":"purchasable","14":"product-type-simple"},"yoast_head":"<!-- This site is optimized with the Yoast SEO plugin v27.6 - https:\/\/yoast.com\/product\/yoast-seo-wordpress\/ -->\n<title>Singende Barsche - KLATSCHMOHN<\/title>\n<meta name=\"robots\" content=\"index, follow, max-snippet:-1, max-image-preview:large, max-video-preview:-1\" \/>\n<link rel=\"canonical\" href=\"https:\/\/test.klatschmohn.de\/?product=75\" \/>\n<meta property=\"og:locale\" content=\"de_DE\" \/>\n<meta property=\"og:type\" content=\"article\" \/>\n<meta property=\"og:title\" content=\"Singende Barsche - KLATSCHMOHN\" \/>\n<meta property=\"og:description\" content=\"Lachen ist gesund! Das perfekte Buch f\u00fcr gute Laune Bert Lingnau Singende Barsche Lustige und bewegende Kriminalf\u00e4lle aus\u00a0Mecklenburg und Vorpommern KLATSCHMOHN Verlag Taschenbuch, 212 Seiten Singende Barsche beschreibt 62 authentische alte Kriminalf\u00e4lle aus Mecklenburg und Vorpommern. Sie werden Tr\u00e4nen lachen \u00fcber die Kreativit\u00e4t der Ganoven, ihre Zechgelage und den originellen Charme des B\u00f6sen. Einige \u00dcbelt\u00e4ter [&hellip;]\" \/>\n<meta property=\"og:url\" content=\"https:\/\/test.klatschmohn.de\/?product=75\" \/>\n<meta property=\"og:site_name\" content=\"KLATSCHMOHN\" \/>\n<meta property=\"article:modified_time\" content=\"2026-05-13T10:31:40+00:00\" \/>\n<meta property=\"og:image\" content=\"https:\/\/test.klatschmohn.de\/wp-content\/uploads\/2026\/05\/Singende_Barsche.jpg\" \/>\n\t<meta property=\"og:image:width\" content=\"400\" \/>\n\t<meta property=\"og:image:height\" content=\"400\" \/>\n\t<meta property=\"og:image:type\" content=\"image\/jpeg\" \/>\n<meta name=\"twitter:card\" content=\"summary_large_image\" \/>\n<meta name=\"twitter:label1\" content=\"Gesch\u00e4tzte Lesezeit\" \/>\n\t<meta name=\"twitter:data1\" content=\"4\u00a0Minuten\" \/>\n<script type=\"application\/ld+json\" class=\"yoast-schema-graph\">{\"@context\":\"https:\\\/\\\/schema.org\",\"@graph\":[{\"@type\":\"WebPage\",\"@id\":\"https:\\\/\\\/test.klatschmohn.de\\\/?product=75\",\"url\":\"https:\\\/\\\/test.klatschmohn.de\\\/?product=75\",\"name\":\"Singende Barsche - KLATSCHMOHN\",\"isPartOf\":{\"@id\":\"https:\\\/\\\/test.klatschmohn.de\\\/#website\"},\"primaryImageOfPage\":{\"@id\":\"https:\\\/\\\/test.klatschmohn.de\\\/?product=75#primaryimage\"},\"image\":{\"@id\":\"https:\\\/\\\/test.klatschmohn.de\\\/?product=75#primaryimage\"},\"thumbnailUrl\":\"https:\\\/\\\/test.klatschmohn.de\\\/wp-content\\\/uploads\\\/2026\\\/05\\\/Singende_Barsche.jpg\",\"datePublished\":\"2026-05-13T10:26:27+00:00\",\"dateModified\":\"2026-05-13T10:31:40+00:00\",\"breadcrumb\":{\"@id\":\"https:\\\/\\\/test.klatschmohn.de\\\/?product=75#breadcrumb\"},\"inLanguage\":\"de\",\"potentialAction\":[{\"@type\":\"ReadAction\",\"target\":[\"https:\\\/\\\/test.klatschmohn.de\\\/?product=75\"]}]},{\"@type\":\"ImageObject\",\"inLanguage\":\"de\",\"@id\":\"https:\\\/\\\/test.klatschmohn.de\\\/?product=75#primaryimage\",\"url\":\"https:\\\/\\\/test.klatschmohn.de\\\/wp-content\\\/uploads\\\/2026\\\/05\\\/Singende_Barsche.jpg\",\"contentUrl\":\"https:\\\/\\\/test.klatschmohn.de\\\/wp-content\\\/uploads\\\/2026\\\/05\\\/Singende_Barsche.jpg\",\"width\":400,\"height\":400},{\"@type\":\"BreadcrumbList\",\"@id\":\"https:\\\/\\\/test.klatschmohn.de\\\/?product=75#breadcrumb\",\"itemListElement\":[{\"@type\":\"ListItem\",\"position\":1,\"name\":\"Start\",\"item\":\"https:\\\/\\\/test.klatschmohn.de\\\/\"},{\"@type\":\"ListItem\",\"position\":2,\"name\":\"Shop\",\"item\":\"https:\\\/\\\/test.klatschmohn.de\\\/?page_id=6\"},{\"@type\":\"ListItem\",\"position\":3,\"name\":\"Singende Barsche\"}]},{\"@type\":\"WebSite\",\"@id\":\"https:\\\/\\\/test.klatschmohn.de\\\/#website\",\"url\":\"https:\\\/\\\/test.klatschmohn.de\\\/\",\"name\":\"KLATSCHMOHN\",\"description\":\"\",\"potentialAction\":[{\"@type\":\"SearchAction\",\"target\":{\"@type\":\"EntryPoint\",\"urlTemplate\":\"https:\\\/\\\/test.klatschmohn.de\\\/?s={search_term_string}\"},\"query-input\":{\"@type\":\"PropertyValueSpecification\",\"valueRequired\":true,\"valueName\":\"search_term_string\"}}],\"inLanguage\":\"de\"}]}<\/script>\n<!-- \/ Yoast SEO plugin. -->","yoast_head_json":{"title":"Singende Barsche - KLATSCHMOHN","robots":{"index":"index","follow":"follow","max-snippet":"max-snippet:-1","max-image-preview":"max-image-preview:large","max-video-preview":"max-video-preview:-1"},"canonical":"https:\/\/test.klatschmohn.de\/?product=75","og_locale":"de_DE","og_type":"article","og_title":"Singende Barsche - KLATSCHMOHN","og_description":"Lachen ist gesund! Das perfekte Buch f\u00fcr gute Laune Bert Lingnau Singende Barsche Lustige und bewegende Kriminalf\u00e4lle aus\u00a0Mecklenburg und Vorpommern KLATSCHMOHN Verlag Taschenbuch, 212 Seiten Singende Barsche beschreibt 62 authentische alte Kriminalf\u00e4lle aus Mecklenburg und Vorpommern. Sie werden Tr\u00e4nen lachen \u00fcber die Kreativit\u00e4t der Ganoven, ihre Zechgelage und den originellen Charme des B\u00f6sen. Einige \u00dcbelt\u00e4ter [&hellip;]","og_url":"https:\/\/test.klatschmohn.de\/?product=75","og_site_name":"KLATSCHMOHN","article_modified_time":"2026-05-13T10:31:40+00:00","og_image":[{"width":400,"height":400,"url":"https:\/\/test.klatschmohn.de\/wp-content\/uploads\/2026\/05\/Singende_Barsche.jpg","type":"image\/jpeg"}],"twitter_card":"summary_large_image","twitter_misc":{"Gesch\u00e4tzte Lesezeit":"4\u00a0Minuten"},"schema":{"@context":"https:\/\/schema.org","@graph":[{"@type":"WebPage","@id":"https:\/\/test.klatschmohn.de\/?product=75","url":"https:\/\/test.klatschmohn.de\/?product=75","name":"Singende Barsche - KLATSCHMOHN","isPartOf":{"@id":"https:\/\/test.klatschmohn.de\/#website"},"primaryImageOfPage":{"@id":"https:\/\/test.klatschmohn.de\/?product=75#primaryimage"},"image":{"@id":"https:\/\/test.klatschmohn.de\/?product=75#primaryimage"},"thumbnailUrl":"https:\/\/test.klatschmohn.de\/wp-content\/uploads\/2026\/05\/Singende_Barsche.jpg","datePublished":"2026-05-13T10:26:27+00:00","dateModified":"2026-05-13T10:31:40+00:00","breadcrumb":{"@id":"https:\/\/test.klatschmohn.de\/?product=75#breadcrumb"},"inLanguage":"de","potentialAction":[{"@type":"ReadAction","target":["https:\/\/test.klatschmohn.de\/?product=75"]}]},{"@type":"ImageObject","inLanguage":"de","@id":"https:\/\/test.klatschmohn.de\/?product=75#primaryimage","url":"https:\/\/test.klatschmohn.de\/wp-content\/uploads\/2026\/05\/Singende_Barsche.jpg","contentUrl":"https:\/\/test.klatschmohn.de\/wp-content\/uploads\/2026\/05\/Singende_Barsche.jpg","width":400,"height":400},{"@type":"BreadcrumbList","@id":"https:\/\/test.klatschmohn.de\/?product=75#breadcrumb","itemListElement":[{"@type":"ListItem","position":1,"name":"Start","item":"https:\/\/test.klatschmohn.de\/"},{"@type":"ListItem","position":2,"name":"Shop","item":"https:\/\/test.klatschmohn.de\/?page_id=6"},{"@type":"ListItem","position":3,"name":"Singende Barsche"}]},{"@type":"WebSite","@id":"https:\/\/test.klatschmohn.de\/#website","url":"https:\/\/test.klatschmohn.de\/","name":"KLATSCHMOHN","description":"","potentialAction":[{"@type":"SearchAction","target":{"@type":"EntryPoint","urlTemplate":"https:\/\/test.klatschmohn.de\/?s={search_term_string}"},"query-input":{"@type":"PropertyValueSpecification","valueRequired":true,"valueName":"search_term_string"}}],"inLanguage":"de"}]}},"jetpack_sharing_enabled":true,"_links":{"self":[{"href":"https:\/\/test.klatschmohn.de\/index.php?rest_route=\/wp\/v2\/product\/75","targetHints":{"allow":["GET"]}}],"collection":[{"href":"https:\/\/test.klatschmohn.de\/index.php?rest_route=\/wp\/v2\/product"}],"about":[{"href":"https:\/\/test.klatschmohn.de\/index.php?rest_route=\/wp\/v2\/types\/product"}],"wp:featuredmedia":[{"embeddable":true,"href":"https:\/\/test.klatschmohn.de\/index.php?rest_route=\/wp\/v2\/media\/76"}],"wp:attachment":[{"href":"https:\/\/test.klatschmohn.de\/index.php?rest_route=%2Fwp%2Fv2%2Fmedia&parent=75"}],"wp:term":[{"taxonomy":"product_brand","embeddable":true,"href":"https:\/\/test.klatschmohn.de\/index.php?rest_route=%2Fwp%2Fv2%2Fproduct_brand&post=75"},{"taxonomy":"product_cat","embeddable":true,"href":"https:\/\/test.klatschmohn.de\/index.php?rest_route=%2Fwp%2Fv2%2Fproduct_cat&post=75"},{"taxonomy":"product_tag","embeddable":true,"href":"https:\/\/test.klatschmohn.de\/index.php?rest_route=%2Fwp%2Fv2%2Fproduct_tag&post=75"}],"curies":[{"name":"wp","href":"https:\/\/api.w.org\/{rel}","templated":true}]}}